 118610.
2, 5, 29, 409
List the prime factors of 3262.
2, 7, 233
List the prime factors of 4539.
3, 17, 89
What are the prime factors of 111953?
111953
List the prime factors of 1158.
2, 3, 193
What are the prime factors of 99131?
99131
What are the prime factors of 1710?
2, 3, 5, 19
List the prime factors of 1588.
2, 397
What are the prime factors of 13837?
101, 137
List the prime factors of 1898.
2, 13, 73
List the prime factors of 1379.
7, 197
What are the prime factors of 632?
2, 79
List the prime factors of 135.
3, 5
What are the prime factors of 4991?
7, 23, 31
What are the prime factors of 13267?
13267
What are the prime factors of 54021?
3, 11, 1637
List the prime factors of 20541.
3, 41, 167
What are the prime factors of 250?
2, 5
What are the prime factors of 958?
2, 479
List the prime factors of 1695.
3, 5, 113
What are the prime factors of 108554?
2, 54277
List the prime factors of 22403.
43, 521
List the prime factors of 169248.
2, 3, 41, 43
List the prime factors of 3088.
2, 193
What are the prime factors of 83963?
11, 17, 449
What are the prime factors of 8379?
3, 7, 19
What are the prime factors of 78448?
2, 4903
List the prime factors of 1380.
2, 3, 5, 23
What are the prime factors of 3266?
2, 23, 71
What are the prime factors of 8058?
2, 3, 17, 79
List the prime factors of 1515.
3, 5, 101
What are the prime factors of 16484?
2, 13, 317
What are the prime factors of 2592?
2, 3
What are the prime factors of 5988?
2, 3, 499
List the prime factors of 19843.
19843
List the prime factors of 25486.
2, 12743
What are the prime factors of 48951?
3, 7, 37
What are the prime factors of 25224?
2, 3, 1051
What are the prime factors of 4201?
4201
List the prime factors of 12938.
2, 6469
List the prime factors of 11350.
2, 5, 227
What are the prime factors of 6094?
2, 11, 277
What are the prime factors of 1130?
2, 5, 113
List the prime factors of 47316.
2, 3, 3943
What are the prime factors of 12372?
2, 3, 1031
What are the prime factors of 181813?
181813
What are the prime factors of 85571?
85571
List the prime factors of 5453.
7, 19, 41
List the prime factors of 28773.
3, 23, 139
List the prime factors of 69026.
2, 34513
List the prime factors of 19631.
67, 293
What are the prime factors of 62522?
2, 43, 727
List the prime factors of 23789.
23789
List the prime factors of 61337.
83, 739
What are the prime factors of 15535?
5, 13, 239
What are the prime factors of 891?
3, 11
List the prime factors of 2801.
2801
What are the prime factors of 1225?
5, 7
List the prime factors of 3078.
2, 3, 19
List the prime factors of 126965.
5, 67, 379
What are the prime factors of 3415?
5, 683
List the prime factors of 140016.
2, 3, 2917
What are the prime factors of 2512?
2, 157
What are the prime factors of 478?
2, 239
List the prime factors of 2883.
3, 31
List the prime factors of 25287.
3, 8429
List the prime factors of 1533.
3, 7, 73
List the prime factors of 5846.
2, 37, 79
List the prime factors of 8999.
8999
List the prime factors of 1263.
3, 421
What are the prime factors of 9?
3
What are the prime factors of 64?
2
What are the prime factors of 962?
2, 13, 37
List the prime factors of 18385.
5, 3677
What are the prime factors of 19155?
3, 5, 1277
What are the prime factors of 14575?
5, 11, 53
What are the prime factors of 4251?
3, 13, 109
List the prime factors of 8764.
2, 7, 313
List the prime factors of 7028.
2, 7, 251
What are the prime factors of 2101?
11, 191
List the prime factors of 1342.
2, 11, 61
List the prime factors of 8846.
2, 4423
List the prime factors of 4229.
4229
What are the prime factors of 25873?
25873
What are the prime factors of 7940?
2, 5, 397
What are the prime factors of 8002?
2, 4001
List the prime factors of 899.
29, 31
List the prime factors of 1883.
7, 269
What are the prime factors of 1282?
2, 641
What are the prime factors of 1404?
2, 3, 13
What are the prime factors of 12550?
2, 5, 251
List the prime factors of 10237.
29, 353
List the prime factors of 10757.
31, 347
List the prime factors of 5436.
2, 3, 151
What are the prime factors of 50804?
2, 13, 977
List the prime factors of 1185.
3, 5, 79
List the prime factors of 4302.
2, 3, 239
List the prime factors of 6072.
2, 3, 11, 23
List the prime factors of 3376.
2, 211
What are the prime factors of 57667?
57667
What are the prime factors of 2463?
3, 821
What are the prime factors of 45895?
5, 67, 137
List the prime factors of 2724.
2, 3, 227
What are the prime factors of 1049?
1049
What are the prime factors of 3509?
11, 29
What are the prime factors of 29280?
2, 3, 5, 61
List the prime factors of 1994.
2, 997
List the prime factors of 117241.
117241
List the prime factors of 1693.
1693
List the prime factors of 1470.
2, 3, 5, 7
What are the prime factors of 2009?
7, 41
What are the prime factors of 46067?
7, 6581
List the prime factors of 11765.
5, 13, 181
List the prime factors of 160.
2, 5
List the prime factors of 2592.
2, 3
List the prime factors of 820.
2, 5, 41
List the prime factors of 190.
2, 5, 19
What are the prime factors of 1244?
2, 311
List the prime factors of 1410.
2, 3, 5, 47
What are the prime factors of 86689?
86689
List the prime factors of 1111.
11, 101
List the prime factors of 9151.
9151
List the prime factors of 11766.
2, 3, 37, 53
List the prime factors of 13353.
3, 4451
List the prime factors of 29408.
2, 919
What are the prime factors of 84?
2, 3, 7
List the prime factors of 2101.
11, 191
What are the prime factors of 15409?
19, 811
What are the prime factors of 1800?
2, 3, 5
List the prime factors of 6686.
2, 3343
What are the prime factors of 5543?
23, 241
List the prime factors of 56708.
2, 14177
What are the prime factors of 746?
2, 373
List the prime factors of 8630.
2, 5, 863
What are the prime factors of 1929?
3, 643
What are the prime factors of 6?
2, 3
List the prime factors of 353.
353
List the prime factors of 1530.
2, 3, 5, 17
List the prime factors of 350.
2, 5, 7
List the prime factors of 916.
2, 229
List the prime factors of 4067.
7, 83
What are the prime factors of 1705?
5, 11, 31
List the prime factors of 20668.
2, 5167
List the prime factors of 7005.
3, 5, 467
What are the prime factors of 68046?
2, 3, 11, 1031
What are the prime factors of 42086?
2, 11, 1913
List the prime factors of 802.
2, 401
What are the prime factors of 22807?
22807
List the prime factors of 1736.
2, 7, 31
What are the prime factors of 1573?
11, 13
List the prime factors of 3668.
2, 7, 131
What are the prime factors of 1273?
19, 67
List the prime factors of 8064.
2, 3, 7
List the prime factors of 11771.
79, 149
List the prime factors of 948.
2, 3, 79
What are the prime factors of 2799?
3, 311
What are the prime factors of 47861?
11, 19, 229
List the prime factors of 65.
5, 13
What are the prime factors of 10372?
2, 2593
List the prime factors of 105316.
2, 113, 233
What are the prime factors of 1561?
7, 223
List the prime factors of 96689.
31, 3119
List the prime factors of 559.
13, 43
List the prime factors of 27839.
7, 41, 97
What are the prime factors of 6364?
2, 37, 43
What are the prime factors of 11004?
2, 3, 7, 131
List the prime factors of 1310.
2, 5, 131
List the prime factors of 3553.
11, 17, 19
What are the prime factors of 469?
7, 67
What are the prime factors of 1025?
5, 41
What are the prime factors of 1957?
19, 103
List the prime factors of 27049.
11, 2459
List the prime factors of 3815.
5, 7, 109
List the prime factors of 83.
83
What are the prime factors of 85374?
2, 3, 17, 31
What are the prime factors of 3623?
3623
What are the prime factors of 1119?
3, 373
List the prime factors of 9663.
3, 3221
What are the prime factors of 1723?
1723
List the prime factors of 2796.
2, 3, 233
List the prime factors of 679.
7, 97
What are the prime factors of 7651?
7, 1093
What are the prime factors of 9540?
2, 3, 5, 53
What are the prime factors of 4411?
11, 401
What are the prime factors of 87572?
2, 21893
List the prime factors of 78454.
2, 39227
What are the prime factors of 80073?
3, 7, 31, 41
What are the prime factors of 75858?
2, 3, 47, 269
What are the prime factors of 30674?
2, 7, 313
What are the prime factors of 1042?
2, 521
List the prime factors of 2229.
3, 743
What are the prime factors of 5951?
11, 541
What are the prime fa